{"id":138,"date":"2023-06-23T22:07:57","date_gmt":"2023-06-23T22:07:57","guid":{"rendered":"https:\/\/www.prvnidve.cz\/?page_id=138"},"modified":"2023-06-24T11:04:06","modified_gmt":"2023-06-24T11:04:06","slug":"aktivity-a-okoli","status":"publish","type":"page","link":"https:\/\/www.prvnidve.cz\/?page_id=138","title":{"rendered":"Aktivity a okol\u00ed"},"content":{"rendered":"\t\t<div data-elementor-type=\"wp-page\" data-elementor-id=\"138\" class=\"elementor elementor-138\">\n\t\t\t\t\t\t\t\t\t<section class=\"elementor-section elementor-top-section elementor-element elementor-element-4df2d2f elementor-section-boxed elementor-section-height-default elementor-section-height-default\" data-id=\"4df2d2f\" data-element_type=\"section\">\n\t\t\t\t\t\t<div class=\"elementor-container elementor-column-gap-default\">\n\t\t\t\t\t<div class=\"elementor-column elementor-col-50 elementor-top-column elementor-element elementor-element-8bcf8f4\" data-id=\"8bcf8f4\" data-element_type=\"column\">\n\t\t\t<div class=\"elementor-widget-wrap elementor-element-populated\">\n\t\t\t\t\t\t\t\t<div class=\"elementor-element elementor-element-5c868ad elementor-hidden-mobile elementor-widget elementor-widget-image\" data-id=\"5c868ad\" data-element_type=\"widget\" data-widget_type=\"image.default\">\n\t\t\t\t<div class=\"elementor-widget-container\">\n\t\t\t<style>\/*! elementor - v3.14.0 - 18-06-2023 *\/\n.elementor-widget-image{text-align:center}.elementor-widget-image a{display:inline-block}.elementor-widget-image a img[src$=\".svg\"]{width:48px}.elementor-widget-image img{vertical-align:middle;display:inline-block}<\/style>\t\t\t\t\t\t\t\t\t\t\t\t<img loading=\"lazy\" decoding=\"async\" width=\"640\" height=\"424\" src=\"https:\/\/www.prvnidve.cz\/wp-content\/uploads\/2023\/06\/819bfad1-a87b-4281-b5e2-c184cb5d0b6b-1024x678.jpg\" class=\"attachment-large size-large wp-image-181\" alt=\"\" srcset=\"https:\/\/www.prvnidve.cz\/wp-content\/uploads\/2023\/06\/819bfad1-a87b-4281-b5e2-c184cb5d0b6b-1024x678.jpg 1024w, https:\/\/www.prvnidve.cz\/wp-content\/uploads\/2023\/06\/819bfad1-a87b-4281-b5e2-c184cb5d0b6b-300x199.jpg 300w, https:\/\/www.prvnidve.cz\/wp-content\/uploads\/2023\/06\/819bfad1-a87b-4281-b5e2-c184cb5d0b6b-768x508.jpg 768w, https:\/\/www.prvnidve.cz\/wp-content\/uploads\/2023\/06\/819bfad1-a87b-4281-b5e2-c184cb5d0b6b.jpg 1360w\" sizes=\"auto, (max-width: 640px) 100vw, 640px\" \/>\t\t\t\t\t\t\t\t\t\t\t\t\t\t\t<\/div>\n\t\t\t\t<\/div>\n\t\t\t\t\t<\/div>\n\t\t<\/div>\n\t\t\t\t<div class=\"elementor-column elementor-col-50 elementor-top-column elementor-element elementor-element-e643e50\" data-id=\"e643e50\" data-element_type=\"column\">\n\t\t\t<div class=\"elementor-widget-wrap elementor-element-populated\">\n\t\t\t\t\t\t\t\t<div class=\"elementor-element elementor-element-73fdfbf elementor-widget elementor-widget-heading\" data-id=\"73fdfbf\" data-element_type=\"widget\" data-widget_type=\"heading.default\">\n\t\t\t\t<div class=\"elementor-widget-container\">\n\t\t\t<style>\/*! elementor - v3.14.0 - 18-06-2023 *\/\n.elementor-heading-title{padding:0;margin:0;line-height:1}.elementor-widget-heading .elementor-heading-title[class*=elementor-size-]>a{color:inherit;font-size:inherit;line-height:inherit}.elementor-widget-heading .elementor-heading-title.elementor-size-small{font-size:15px}.elementor-widget-heading .elementor-heading-title.elementor-size-medium{font-size:19px}.elementor-widget-heading .elementor-heading-title.elementor-size-large{font-size:29px}.elementor-widget-heading .elementor-heading-title.elementor-size-xl{font-size:39px}.elementor-widget-heading .elementor-heading-title.elementor-size-xxl{font-size:59px}<\/style><h2 class=\"elementor-heading-title elementor-size-default\"><h2 data-elementor-setting-key=\"title\" data-pen-placeholder=\"Pi\u0161te zde...\" style=\"color: rgb(18, 41, 55); font-size: 47px; font-family: &quot;DM Serif Display&quot;, sans-serif;\"><span style=\"color: rgb(255, 76, 21); font-family: Poppins, sans-serif; font-size: 20px; font-weight: 500; background-color: rgba(110, 193, 228, 0);\">MO\u017dNOSTI KOUP\u00c1N\u00cd<\/span><span style=\"color: rgb(255, 76, 21); font-family: Poppins, sans-serif; font-size: 20px; font-weight: 500; background-color: rgba(110, 193, 228, 0);\"><\/span><br><\/h2><\/h2>\t\t<\/div>\n\t\t\t\t<\/div>\n\t\t\t\t<div class=\"elementor-element elementor-element-71af536 elementor-widget elementor-widget-text-editor\" data-id=\"71af536\" data-element_type=\"widget\" data-widget_type=\"text-editor.default\">\n\t\t\t\t<div class=\"elementor-widget-container\">\n\t\t\t<style>\/*! elementor - v3.14.0 - 18-06-2023 *\/\n.elementor-widget-text-editor.elementor-drop-cap-view-stacked .elementor-drop-cap{background-color:#69727d;color:#fff}.elementor-widget-text-editor.elementor-drop-cap-view-framed .elementor-drop-cap{color:#69727d;border:3px solid;background-color:transparent}.elementor-widget-text-editor:not(.elementor-drop-cap-view-default) .elementor-drop-cap{margin-top:8px}.elementor-widget-text-editor:not(.elementor-drop-cap-view-default) .elementor-drop-cap-letter{width:1em;height:1em}.elementor-widget-text-editor .elementor-drop-cap{float:left;text-align:center;line-height:1;font-size:50px}.elementor-widget-text-editor .elementor-drop-cap-letter{display:inline-block}<\/style>\t\t\t\t<ul>\n<li>Aquapark Star\u00e9 Splavy.<\/li>\n<li><span style=\"color: #000000; font-family: Arial;\">Provod\u00ednsk\u00e1 p\u00edskovna,<\/span><\/li>\n<li><span style=\"color: #000000; font-family: Arial;\"> p\u00edskovna Brejle,<\/span><\/li>\n<li><span style=\"color: #000000; font-family: Arial;\"> koupali\u0161t\u011b Z\u00e1kupy,<\/span><\/li>\n<li><span style=\"color: #000000; font-family: Arial;\"> Nedamov, B\u011bl\u00e1 pod Bezd\u011bzem, <\/span><\/li>\n<li><span style=\"color: #000000; font-family: Arial;\">\u010cerven\u00fd rybn\u00edk u Pihelu,<\/span><\/li>\n<li><span style=\"color: #000000; font-family: Arial;\"> rybn\u00edk Holansk\u00fd,<\/span><\/li>\n<li><span style=\"color: #000000; font-family: Arial;\"> Mil\u010dansk\u00fd rybn\u00edk,<\/span><\/li>\n<li><span style=\"color: #000000; font-family: Arial;\">Radv\u00e1neck\u00fd rybn\u00edk,&nbsp;<\/span><\/li>\n<li><span style=\"color: #000000; font-family: Arial;\"> Hamr na Jeze\u0159e.<\/span><\/li>\n<\/ul>\t\t\t\t\t\t<\/div>\n\t\t\t\t<\/div>\n\t\t\t\t\t<\/div>\n\t\t<\/div>\n\t\t\t\t\t\t\t<\/div>\n\t\t<\/section>\n\t\t\t\t<section class=\"elementor-section elementor-top-section elementor-element elementor-element-2d56f96 elementor-section-boxed elementor-section-height-default elementor-section-height-default\" data-id=\"2d56f96\" data-element_type=\"section\">\n\t\t\t\t\t\t<div class=\"elementor-container elementor-column-gap-default\">\n\t\t\t\t\t<div class=\"elementor-column elementor-col-100 elementor-top-column elementor-element elementor-element-327832d\" data-id=\"327832d\" data-element_type=\"column\">\n\t\t\t<div class=\"elementor-widget-wrap elementor-element-populated\">\n\t\t\t\t\t\t\t\t<div class=\"elementor-element elementor-element-d369c30 elementor-widget elementor-widget-spacer\" data-id=\"d369c30\" data-element_type=\"widget\" data-widget_type=\"spacer.default\">\n\t\t\t\t<div class=\"elementor-widget-container\">\n\t\t\t<style>\/*! elementor - v3.14.0 - 18-06-2023 *\/\n.elementor-column .elementor-spacer-inner{height:var(--spacer-size)}.e-con{--container-widget-width:100%}.e-con-inner>.elementor-widget-spacer,.e-con>.elementor-widget-spacer{width:var(--container-widget-width,var(--spacer-size));--align-self:var(--container-widget-align-self,initial);--flex-shrink:0}.e-con-inner>.elementor-widget-spacer>.elementor-widget-container,.e-con-inner>.elementor-widget-spacer>.elementor-widget-container>.elementor-spacer,.e-con>.elementor-widget-spacer>.elementor-widget-container,.e-con>.elementor-widget-spacer>.elementor-widget-container>.elementor-spacer{height:100%}.e-con-inner>.elementor-widget-spacer>.elementor-widget-container>.elementor-spacer>.elementor-spacer-inner,.e-con>.elementor-widget-spacer>.elementor-widget-container>.elementor-spacer>.elementor-spacer-inner{height:var(--container-widget-height,var(--spacer-size))}<\/style>\t\t<div class=\"elementor-spacer\">\n\t\t\t<div class=\"elementor-spacer-inner\"><\/div>\n\t\t<\/div>\n\t\t\t\t<\/div>\n\t\t\t\t<\/div>\n\t\t\t\t\t<\/div>\n\t\t<\/div>\n\t\t\t\t\t\t\t<\/div>\n\t\t<\/section>\n\t\t\t\t<section class=\"elementor-section elementor-top-section elementor-element elementor-element-6136add elementor-section-boxed elementor-section-height-default elementor-section-height-default\" data-id=\"6136add\" data-element_type=\"section\">\n\t\t\t\t\t\t<div class=\"elementor-container elementor-column-gap-default\">\n\t\t\t\t\t<div class=\"elementor-column elementor-col-50 elementor-top-column elementor-element elementor-element-ac49a7e\" data-id=\"ac49a7e\" data-element_type=\"column\">\n\t\t\t<div class=\"elementor-widget-wrap elementor-element-populated\">\n\t\t\t\t\t\t\t\t<div class=\"elementor-element elementor-element-1924744 elementor-widget elementor-widget-heading\" data-id=\"1924744\" data-element_type=\"widget\" data-widget_type=\"heading.default\">\n\t\t\t\t<div class=\"elementor-widget-container\">\n\t\t\t<h2 class=\"elementor-heading-title elementor-size-default\"><h2 data-elementor-setting-key=\"title\" data-pen-placeholder=\"Pi\u0161te zde...\" style=\"color: rgb(18, 41, 55); font-size: 47px; font-family: &quot;DM Serif Display&quot;, sans-serif;\"><span style=\"color: rgb(255, 76, 21); font-family: Poppins, sans-serif; font-size: 20px; font-weight: 500; background-color: rgba(110, 193, 228, 0);\">SPORTOVN\u00cd AKTIVITY<\/span><span style=\"color: rgb(255, 76, 21); font-family: Poppins, sans-serif; font-size: 20px; font-weight: 500; background-color: rgba(110, 193, 228, 0);\"><\/span><br><\/h2><\/h2>\t\t<\/div>\n\t\t\t\t<\/div>\n\t\t\t\t<div class=\"elementor-element elementor-element-c22c89e elementor-widget elementor-widget-text-editor\" data-id=\"c22c89e\" data-element_type=\"widget\" data-widget_type=\"text-editor.default\">\n\t\t\t\t<div class=\"elementor-widget-container\">\n\t\t\t\t\t\t\t<ul><li><p>Lanov\u00e9 parky u M\u00e1chova jezera.<\/p><\/li><li>Wake sport park \u010cesk\u00e1 L\u00edpa.<\/li><li><p>P\u016fj\u010dovna kol a kolob\u011b\u017eek Doksy.<\/p><\/li><li>Cavle Wake Park Str\u00e1\u017e pod Ralskem.<\/li><li><p>Tenisov\u00e9 kurty &#8211; Star\u00e9 Splavy.<\/p><\/li><li>Minigolf Star\u00e9 Splavy.<\/li><li>Jungle Creek Doksy.<\/li><li>Pl\u00e1\u017eov\u00fd volejbal.<\/li><li>Jezdectv\u00ed ve Vrchovanech.<\/li><li>Paintball v Mimoni.<\/li><li>houba\u0159en\u00ed,<\/li><li>rybolov.<\/li><\/ul>\t\t\t\t\t\t<\/div>\n\t\t\t\t<\/div>\n\t\t\t\t\t<\/div>\n\t\t<\/div>\n\t\t\t\t<div class=\"elementor-column elementor-col-50 elementor-top-column elementor-element elementor-element-665315f\" data-id=\"665315f\" data-element_type=\"column\">\n\t\t\t<div class=\"elementor-widget-wrap elementor-element-populated\">\n\t\t\t\t\t\t\t\t<div class=\"elementor-element elementor-element-bb864cb elementor-hidden-mobile elementor-widget elementor-widget-image\" data-id=\"bb864cb\" data-element_type=\"widget\" data-widget_type=\"image.default\">\n\t\t\t\t<div class=\"elementor-widget-container\">\n\t\t\t\t\t\t\t\t\t\t\t\t\t\t\t<img loading=\"lazy\" decoding=\"async\" width=\"640\" height=\"427\" src=\"https:\/\/www.prvnidve.cz\/wp-content\/uploads\/2023\/06\/DSC_0442-1024x683.jpg\" class=\"attachment-large size-large wp-image-199\" alt=\"\" srcset=\"https:\/\/www.prvnidve.cz\/wp-content\/uploads\/2023\/06\/DSC_0442-1024x683.jpg 1024w, https:\/\/www.prvnidve.cz\/wp-content\/uploads\/2023\/06\/DSC_0442-300x200.jpg 300w, https:\/\/www.prvnidve.cz\/wp-content\/uploads\/2023\/06\/DSC_0442-768x512.jpg 768w, https:\/\/www.prvnidve.cz\/wp-content\/uploads\/2023\/06\/DSC_0442-1536x1024.jpg 1536w, https:\/\/www.prvnidve.cz\/wp-content\/uploads\/2023\/06\/DSC_0442-2048x1365.jpg 2048w\" sizes=\"auto, (max-width: 640px) 100vw, 640px\" \/>\t\t\t\t\t\t\t\t\t\t\t\t\t\t\t<\/div>\n\t\t\t\t<\/div>\n\t\t\t\t\t<\/div>\n\t\t<\/div>\n\t\t\t\t\t\t\t<\/div>\n\t\t<\/section>\n\t\t\t\t<section class=\"elementor-section elementor-top-section elementor-element elementor-element-ef3aca6 elementor-section-boxed elementor-section-height-default elementor-section-height-default\" data-id=\"ef3aca6\" data-element_type=\"section\">\n\t\t\t\t\t\t<div class=\"elementor-container elementor-column-gap-default\">\n\t\t\t\t\t<div class=\"elementor-column elementor-col-50 elementor-top-column elementor-element elementor-element-847dde8\" data-id=\"847dde8\" data-element_type=\"column\">\n\t\t\t<div class=\"elementor-widget-wrap elementor-element-populated\">\n\t\t\t\t\t\t\t\t<div class=\"elementor-element elementor-element-c40a750 elementor-hidden-mobile elementor-widget elementor-widget-image\" data-id=\"c40a750\" data-element_type=\"widget\" data-widget_type=\"image.default\">\n\t\t\t\t<div class=\"elementor-widget-container\">\n\t\t\t\t\t\t\t\t\t\t\t\t\t\t\t<img loading=\"lazy\" decoding=\"async\" width=\"640\" height=\"360\" src=\"https:\/\/www.prvnidve.cz\/wp-content\/uploads\/2023\/06\/treasure-hunt-machovo-jezero-bezdez-1024x576.jpg\" class=\"attachment-large size-large wp-image-192\" alt=\"\" srcset=\"https:\/\/www.prvnidve.cz\/wp-content\/uploads\/2023\/06\/treasure-hunt-machovo-jezero-bezdez-1024x576.jpg 1024w, https:\/\/www.prvnidve.cz\/wp-content\/uploads\/2023\/06\/treasure-hunt-machovo-jezero-bezdez-300x169.jpg 300w, https:\/\/www.prvnidve.cz\/wp-content\/uploads\/2023\/06\/treasure-hunt-machovo-jezero-bezdez-768x432.jpg 768w, https:\/\/www.prvnidve.cz\/wp-content\/uploads\/2023\/06\/treasure-hunt-machovo-jezero-bezdez.jpg 1200w\" sizes=\"auto, (max-width: 640px) 100vw, 640px\" \/>\t\t\t\t\t\t\t\t\t\t\t\t\t\t\t<\/div>\n\t\t\t\t<\/div>\n\t\t\t\t\t<\/div>\n\t\t<\/div>\n\t\t\t\t<div class=\"elementor-column elementor-col-50 elementor-top-column elementor-element elementor-element-5924b76\" data-id=\"5924b76\" data-element_type=\"column\">\n\t\t\t<div class=\"elementor-widget-wrap elementor-element-populated\">\n\t\t\t\t\t\t\t\t<div class=\"elementor-element elementor-element-145d043 elementor-widget elementor-widget-heading\" data-id=\"145d043\" data-element_type=\"widget\" data-widget_type=\"heading.default\">\n\t\t\t\t<div class=\"elementor-widget-container\">\n\t\t\t<h2 class=\"elementor-heading-title elementor-size-default\"><h2 data-elementor-setting-key=\"title\" data-pen-placeholder=\"Pi\u0161te zde...\" style=\"color: rgb(18, 41, 55); font-size: 47px; font-family: &quot;DM Serif Display&quot;, sans-serif;\"><span style=\"color: rgb(255, 76, 21); font-family: Poppins, sans-serif; font-size: 20px; font-weight: 500; background-color: rgba(110, 193, 228, 0);\">PAM\u00c1TKY A V\u00ddLETY<\/span><span style=\"color: rgb(255, 76, 21); font-family: Poppins, sans-serif; font-size: 20px; font-weight: 500; background-color: rgba(110, 193, 228, 0);\"><\/span><br><\/h2><\/h2>\t\t<\/div>\n\t\t\t\t<\/div>\n\t\t\t\t<div class=\"elementor-element elementor-element-370f22c elementor-widget elementor-widget-text-editor\" data-id=\"370f22c\" data-element_type=\"widget\" data-widget_type=\"text-editor.default\">\n\t\t\t\t<div class=\"elementor-widget-container\">\n\t\t\t\t\t\t\t<ul><li><p>Nen\u00e1ro\u010dn\u00e1 turistika i cykloturistika,<\/p><\/li><li><p>v\u00fdlety po historick\u00fdch pam\u00e1tk\u00e1ch,<\/p><\/li><li><p>hrad Bezd\u011bz,<\/p><\/li><li><p>hrad Koko\u0159\u00edn,<\/p><\/li><li><p>hrad Houska,<\/p><\/li><li><p>z\u0159\u00edcenina hradu v Jest\u0159eb\u00ed.<\/p><\/li><li><p>Pansk\u00e1 sk\u00e1la v Kamenick\u00e9m \u0160enov\u011b,<\/p><\/li><li><p>Jet\u0159ichovick\u00e9 sk\u00e1ly,<\/p><\/li><li><p>sk\u00e1ly ve Sloupu.<\/p><\/li><\/ul>\t\t\t\t\t\t<\/div>\n\t\t\t\t<\/div>\n\t\t\t\t\t<\/div>\n\t\t<\/div>\n\t\t\t\t\t\t\t<\/div>\n\t\t<\/section>\n\t\t\t\t<section class=\"elementor-section elementor-top-section elementor-element elementor-element-3db432b elementor-section-boxed elementor-section-height-default elementor-section-height-default\" data-id=\"3db432b\" data-element_type=\"section\">\n\t\t\t\t\t\t<div class=\"elementor-container elementor-column-gap-default\">\n\t\t\t\t\t<div class=\"elementor-column elementor-col-50 elementor-top-column elementor-element elementor-element-7082fe1\" data-id=\"7082fe1\" data-element_type=\"column\">\n\t\t\t<div class=\"elementor-widget-wrap elementor-element-populated\">\n\t\t\t\t\t\t\t\t<div class=\"elementor-element elementor-element-b84942b elementor-widget elementor-widget-heading\" data-id=\"b84942b\" data-element_type=\"widget\" data-widget_type=\"heading.default\">\n\t\t\t\t<div class=\"elementor-widget-container\">\n\t\t\t<h2 class=\"elementor-heading-title elementor-size-default\"><h2 data-elementor-setting-key=\"title\" data-pen-placeholder=\"Pi\u0161te zde...\" style=\"color: rgb(18, 41, 55); font-size: 47px; font-family: &quot;DM Serif Display&quot;, sans-serif;\"><span style=\"color: rgb(255, 76, 21); font-family: Poppins, sans-serif; font-size: 20px; font-weight: 500; background-color: rgba(110, 193, 228, 0);\">MO\u017dNOSTI STRAVOV\u00c1N\u00cd<\/span><span style=\"color: rgb(255, 76, 21); font-family: Poppins, sans-serif; font-size: 20px; font-weight: 500; background-color: rgba(110, 193, 228, 0);\"><\/span><br><\/h2><\/h2>\t\t<\/div>\n\t\t\t\t<\/div>\n\t\t\t\t<div class=\"elementor-element elementor-element-985c87f elementor-widget elementor-widget-text-editor\" data-id=\"985c87f\" data-element_type=\"widget\" data-widget_type=\"text-editor.default\">\n\t\t\t\t<div class=\"elementor-widget-container\">\n\t\t\t\t\t\t\t<ul><li><p><span style=\"font-family: Arial;\">Nejbli\u017e\u0161\u00ed mo\u017enost stravov\u00e1n\u00ed cca 10m,\u00a0<\/span><span style=\"font-family: Arial; font-weight: var( --e-global-typography-text-font-weight );\">d\u00e1le min. dal\u0161\u00edch 5 &#8211; 10 restaurac\u00ed na promen\u00e1d\u011b.<\/span><\/p><\/li><li style=\"box-sizing: inherit; margin-bottom: 5px; font-size: inherit;\">Ob\u010derstven\u00ed IMA<\/li><li style=\"box-sizing: inherit; margin-bottom: 5px; font-size: inherit;\"><a style=\"box-sizing: inherit; background-color: transparent; line-height: inherit; color: #090909; cursor: pointer; transition: all 0.25s cubic-bezier(0.25, 0.8, 0.25, 1) 0s; display: inline-block; position: relative;\" href=\"http:\/\/www.rsharmonie.cz\/mode.php?mod=photo&amp;record=2\">Restaurace Harmonie<\/a><\/li><li style=\"box-sizing: inherit; margin-bottom: 5px; font-size: inherit;\"><a style=\"box-sizing: inherit; background-color: transparent; line-height: inherit; color: #090909; cursor: pointer; transition: all 0.25s cubic-bezier(0.25, 0.8, 0.25, 1) 0s; display: inline-block; position: relative;\" href=\"https:\/\/campborny.cz\/pizzerie\">Pizzerie Camp Born\u00fd<\/a><\/li><li style=\"box-sizing: inherit; margin-bottom: 5px; font-size: inherit;\"><a style=\"box-sizing: inherit; background-color: transparent; line-height: inherit; color: #090909; cursor: pointer; transition: all 0.25s cubic-bezier(0.25, 0.8, 0.25, 1) 0s; display: inline-block; position: relative;\" href=\"http:\/\/www.sklipek.com\/index.php\/restaurace-sklipek\">Restaurace Skl\u00edpek Star\u00e9 Splavy<\/a><\/li><li style=\"box-sizing: inherit; font-size: inherit;\"><a style=\"box-sizing: inherit; background-color: transparent; line-height: inherit; color: #090909; cursor: pointer; transition: all 0.25s cubic-bezier(0.25, 0.8, 0.25, 1) 0s; display: inline-block; position: relative;\" href=\"https:\/\/www.restauracevjachtklubu.com\/restaurace\">Restaurace V Jachtklubu<\/a><\/li><\/ul>\t\t\t\t\t\t<\/div>\n\t\t\t\t<\/div>\n\t\t\t\t\t<\/div>\n\t\t<\/div>\n\t\t\t\t<div class=\"elementor-column elementor-col-50 elementor-top-column elementor-element elementor-element-8431418\" data-id=\"8431418\" data-element_type=\"column\">\n\t\t\t<div class=\"elementor-widget-wrap elementor-element-populated\">\n\t\t\t\t\t\t\t\t<div class=\"elementor-element elementor-element-c51b2b1 elementor-hidden-mobile elementor-widget elementor-widget-image\" data-id=\"c51b2b1\" data-element_type=\"widget\" data-widget_type=\"image.default\">\n\t\t\t\t<div class=\"elementor-widget-container\">\n\t\t\t\t\t\t\t\t\t\t\t\t\t\t\t<img loading=\"lazy\" decoding=\"async\" width=\"640\" height=\"480\" src=\"https:\/\/www.prvnidve.cz\/wp-content\/uploads\/2023\/06\/20140715_115656-1024x768.jpg\" class=\"attachment-large size-large wp-image-203\" alt=\"\" srcset=\"https:\/\/www.prvnidve.cz\/wp-content\/uploads\/2023\/06\/20140715_115656-1024x768.jpg 1024w, https:\/\/www.prvnidve.cz\/wp-content\/uploads\/2023\/06\/20140715_115656-300x225.jpg 300w, https:\/\/www.prvnidve.cz\/wp-content\/uploads\/2023\/06\/20140715_115656-768x576.jpg 768w, https:\/\/www.prvnidve.cz\/wp-content\/uploads\/2023\/06\/20140715_115656.jpg 1280w\" sizes=\"auto, (max-width: 640px) 100vw, 640px\" \/>\t\t\t\t\t\t\t\t\t\t\t\t\t\t\t<\/div>\n\t\t\t\t<\/div>\n\t\t\t\t\t<\/div>\n\t\t<\/div>\n\t\t\t\t\t\t\t<\/div>\n\t\t<\/section>\n\t\t\t\t\t\t\t<\/div>\n\t\t","protected":false},"excerpt":{"rendered":"<p>MO\u017dNOSTI KOUP\u00c1N\u00cd Aquapark Star\u00e9 Splavy. Provod\u00ednsk\u00e1 p\u00edskovna, p\u00edskovna Brejle, koupali\u0161t\u011b Z\u00e1kupy, Nedamov, B\u011bl\u00e1 pod Bezd\u011bzem, \u010cerven\u00fd rybn\u00edk u Pihelu, rybn\u00edk Holansk\u00fd, Mil\u010dansk\u00fd rybn\u00edk, Radv\u00e1neck\u00fd rybn\u00edk,&nbsp; [&hellip;]<\/p>\n","protected":false},"author":1,"featured_media":0,"parent":0,"menu_order":0,"comment_status":"closed","ping_status":"closed","template":"","meta":{"footnotes":""},"class_list":["post-138","page","type-page","status-publish","hentry"],"_links":{"self":[{"href":"https:\/\/www.prvnidve.cz\/index.php?rest_route=\/wp\/v2\/pages\/138","targetHints":{"allow":["GET"]}}],"collection":[{"href":"https:\/\/www.prvnidve.cz\/index.php?rest_route=\/wp\/v2\/pages"}],"about":[{"href":"https:\/\/www.prvnidve.cz\/index.php?rest_route=\/wp\/v2\/types\/page"}],"author":[{"embeddable":true,"href":"https:\/\/www.prvnidve.cz\/index.php?rest_route=\/wp\/v2\/users\/1"}],"replies":[{"embeddable":true,"href":"https:\/\/www.prvnidve.cz\/index.php?rest_route=%2Fwp%2Fv2%2Fcomments&post=138"}],"version-history":[{"count":13,"href":"https:\/\/www.prvnidve.cz\/index.php?rest_route=\/wp\/v2\/pages\/138\/revisions"}],"predecessor-version":[{"id":327,"href":"https:\/\/www.prvnidve.cz\/index.php?rest_route=\/wp\/v2\/pages\/138\/revisions\/327"}],"wp:attachment":[{"href":"https:\/\/www.prvnidve.cz\/index.php?rest_route=%2Fwp%2Fv2%2Fmedia&parent=138"}],"curies":[{"name":"wp","href":"https:\/\/api.w.org\/{rel}","templated":true}]}}