{"id":115,"date":"2023-06-23T21:57:50","date_gmt":"2023-06-23T21:57:50","guid":{"rendered":"https:\/\/www.prvnidve.cz\/?page_id=115"},"modified":"2025-10-14T07:40:15","modified_gmt":"2025-10-14T07:40:15","slug":"obchodni-podminky-a-navstevni-rad","status":"publish","type":"page","link":"https:\/\/www.prvnidve.cz\/?page_id=115","title":{"rendered":"Obchodn\u00ed podm\u00ednky a n\u00e1v\u0161t\u011bvn\u00ed \u0159\u00e1d"},"content":{"rendered":"\t\t<div data-elementor-type=\"wp-page\" data-elementor-id=\"115\" class=\"elementor elementor-115\">\n\t\t\t\t\t\t\t\t\t<section class=\"elementor-section elementor-top-section elementor-element elementor-element-34bd807 elementor-section-boxed elementor-section-height-default elementor-section-height-default\" data-id=\"34bd807\" data-element_type=\"section\">\n\t\t\t\t\t\t<div class=\"elementor-container elementor-column-gap-default\">\n\t\t\t\t\t<div class=\"elementor-column elementor-col-100 elementor-top-column elementor-element elementor-element-a4b083c\" data-id=\"a4b083c\" data-element_type=\"column\">\n\t\t\t<div class=\"elementor-widget-wrap elementor-element-populated\">\n\t\t\t\t\t\t\t\t<div class=\"elementor-element elementor-element-34c4f7d elementor-widget elementor-widget-text-editor\" data-id=\"34c4f7d\" data-element_type=\"widget\" data-widget_type=\"text-editor.default\">\n\t\t\t\t<div class=\"elementor-widget-container\">\n\t\t\t<style>\/*! elementor - v3.14.0 - 18-06-2023 *\/\n.elementor-widget-text-editor.elementor-drop-cap-view-stacked .elementor-drop-cap{background-color:#69727d;color:#fff}.elementor-widget-text-editor.elementor-drop-cap-view-framed .elementor-drop-cap{color:#69727d;border:3px solid;background-color:transparent}.elementor-widget-text-editor:not(.elementor-drop-cap-view-default) .elementor-drop-cap{margin-top:8px}.elementor-widget-text-editor:not(.elementor-drop-cap-view-default) .elementor-drop-cap-letter{width:1em;height:1em}.elementor-widget-text-editor .elementor-drop-cap{float:left;text-align:center;line-height:1;font-size:50px}.elementor-widget-text-editor .elementor-drop-cap-letter{display:inline-block}<\/style>\t\t\t\t<p><strong><span style=\"color: #000000; font-family: Arial;\">\u00a0<\/span><\/strong><\/p><h2>N\u00e1v\u0161t\u011bvn\u00ed \u0159\u00e1d<\/h2><p>Ubytovac\u00ed \u0159\u00e1d a je tu od toho, aby chati\u010dce prodlou\u017eil \u017eivotnost a pomohl udr\u017eet ubytovac\u00ed slu\u017eby na vysok\u00e9 \u00farovni pro dal\u0161\u00ed hosty. V\u00a0neposledn\u00ed \u0159ad\u011b tak\u00e9 zajistil bezpe\u010dnost host\u016f.<\/p><p>V chat\u011b sm\u00ed b\u00fdt ubytov\u00e1n pouze host, kter\u00fd je p\u0159ihl\u00e1\u0161en a \u0159\u00e1dn\u011b uhradil pobyt. Z bezpe\u010dnostn\u00edch d\u016fvod\u016f nen\u00ed dovoleno ponech\u00e1vat d\u011bti do 10-ti let bez dozoru dosp\u011bl\u00e9 osoby v prostor\u00e1ch chaty. Rodi\u010de odpov\u00eddaj\u00ed za bezpe\u010dnost sv\u00fdch d\u011bt\u00ed ve v\u0161ech prostor\u00e1ch chaty a v jej\u00edm okol\u00ed.<\/p><p>Kou\u0159en\u00ed ve vnit\u0159n\u00edch prostor\u00e1ch chalupy je P\u0158\u00cdSN\u011a ZAK\u00c1Z\u00c1NO!!! Rozd\u011bl\u00e1v\u00e1n\u00ed oh\u0148\u016f i v okol\u00ed chaty je P\u0158\u00cdSN\u011a ZAK\u00c1Z\u00c1NO!!! Vyn\u00e1\u0161en\u00ed n\u00e1bytku, vn\u00e1\u0161en\u00ed velk\u00fdch b\u0159emen, nebo j\u00edzdn\u00edch kol je P\u0158\u00cdSN\u011a ZAK\u00c1Z\u00c1NO!!! Manipulovat s n\u00e1bytkem a s ochrann\u00fdm krytem matrace je P\u0158\u00cdSN\u011a ZAK\u00c1Z\u00c1NO!!! Su\u0161en\u00ed hub v chat\u011b je P\u0158\u00cdSN\u011a ZAK\u00c1Z\u00c1NO!!! Dom\u00e1c\u00ed a jin\u00e1 zv\u00ed\u0159ata v prostor\u00e1ch chaty jsou P\u0158\u00cdSN\u011a ZAK\u00c1Z\u00c1NY!!!<\/p><p>Na pokoj\u00edch nepou\u017e\u00edvejte vlastn\u00ed elektrospot\u0159ebi\u010de, toto se net\u00fdk\u00e1 elektrick\u00fdch spot\u0159ebi\u010d\u016f slou\u017e\u00edc\u00edch k Va\u0161\u00ed osobn\u00ed hygien\u011b (hol\u00edc\u00edch, p\u0159\u00edpadn\u011b mas\u00e1\u017en\u00edch strojk\u016f, vysou\u0161e\u010d\u016f vlas\u016f a pod.).<\/p><p>P\u0159\u00edpadnou ztr\u00e1tu kl\u00ed\u010d\u016f je host povinen nahl\u00e1sit bez prodlen\u00ed provozovateli a uhradit t\u00edmto zp\u016fsobenou \u0161kodu. Chra\u0148te vybaven\u00ed chaty a sv\u016fj vlastn\u00ed majetek a zamykejte na dva z\u00e1pady, nenech\u00e1vejte kl\u00ed\u010de v kl\u00ed\u010dence vedle dve\u0159\u00ed. Za \u0161kody zp\u016fsoben\u00e9 hostem na majetku a za\u0159\u00edzen\u00ed odpov\u00edd\u00e1 n\u00e1jemce podle platn\u00fdch p\u0159edpis\u016f a mus\u00ed je uhradit v pln\u00e9 v\u00fd\u0161i. Pokud dojde ke \u0161kod\u011b na majetku, je host povinen tuto skute\u010dnost pronaj\u00edmateli neprodlen\u011b ohl\u00e1sit. Pronaj\u00edmatel chaty neru\u010d\u00ed za vnesen\u00e9 v\u011bci a cennosti host\u016f, jako jsou nap\u0159. \u0161perky, nebo hotovost.<\/p><p>Dodr\u017eujte \u010distotu b\u011bhem cel\u00e9ho pobytu uvnit\u0159 i vn\u011b chaty. Pohybujte se ve vnit\u0159n\u00edch prostorech chaty jen po p\u0159ezut\u00ed\/vyzut\u00ed z venkovn\u00ed obuvi. Do odpadu (umyvadla, WC atd.) je zak\u00e1z\u00e1no vhazovat vlh\u010den\u00e9 ubrousky, d\u00e1msk\u00e9 hygienick\u00e9 pot\u0159eby (menstrua\u010dn\u00ed vlo\u017eky, tamp\u00f3ny), odli\u010dovac\u00ed tamp\u00f3ny a obdobn\u00e9 materi\u00e1ly, tyto pat\u0159\u00ed do ko\u0161\u016f \u010di popelnice. Berte ohled na ostatn\u00ed a dodr\u017eujte no\u010dn\u00ed klid od 22:00 do 7:00 hod.<\/p><p>Host ubytovan\u00fd na t\u00e9to chat\u011b je POVINEN dodr\u017eovat tento ubytovac\u00ed \u0159\u00e1d. V p\u0159\u00edpad\u011b, \u017ee jej \u00famysln\u011b poru\u0161\u00ed, m\u00e1 majitel pr\u00e1vo pron\u00e1jem objektu ihned bez n\u00e1hrady ukon\u010dit.<\/p><p>Hlavn\u00ed uz\u00e1v\u011br vody v p\u0159\u00edpad\u011b hav\u00e1rie je hned vedle chaty \u010d.9. Rozvad\u011b\u010d el. proudu je vpravo nad hlavn\u00edm vchodem.<\/p><p>P\u0159ejeme si, abyste m\u011bli kr\u00e1sn\u00fd, klidn\u00fd a p\u0159\u00edjemn\u00fd pobyt. Budeme r\u00e1di, pokud si budeme vz\u00e1jemn\u011b vyhovovat. Kontakt na osoby, kter\u00e9 m\u011b pov\u011b\u0159ili ochranou chatky je 606790022, nebo 604591239.<\/p><h2>P\u0159\u00edjezd &amp; odjezd:<\/h2><ul><li style=\"color: #000000;\"><strong>P\u0158\u00cdJEZD: od 16:00 hodin, nebo dle dohody<\/strong><\/li><li style=\"color: #000000;\"><strong>ODJEZD: p\u0159ed\u00e1n\u00ed do 10:00 hodin<\/strong><\/li><\/ul><p><strong><span style=\"color: #000000; font-family: Arial;\">\u00a0<\/span><\/strong><\/p><h2><strong><span style=\"color: #000000; font-family: Arial;\">Platebn\u00ed podm\u00ednky a storno poplatky:<\/span><\/strong><\/h2><div><p class=\"MsoNormal\" style=\"margin: 0cm 0cm 0cm 51pt; text-indent: -18pt; line-height: normal; background-image: initial; background-position: initial; background-size: initial; background-repeat: initial; background-attachment: initial; background-origin: initial; background-clip: initial;\"><!-- [if !supportLists]--><span style=\"font-size: 10.0pt; mso-bidi-font-size: 12.0pt; font-family: Symbol; mso-fareast-font-family: Symbol; mso-bidi-font-family: Symbol; mso-font-kerning: 0pt; mso-ligatures: none; mso-fareast-language: CS;\">\u00b7<span style=\"font-variant-numeric: normal; font-variant-east-asian: normal; font-variant-alternates: normal; font-kerning: auto; font-optical-sizing: auto; font-feature-settings: normal; font-variation-settings: normal; font-stretch: normal; font-size: 7pt; line-height: normal; font-family: 'Times New Roman';\">\u00a0 \u00a0 \u00a0\u00a0<\/span><\/span><span style=\"font-family: var( --e-global-typography-text-font-family ), Sans-serif; font-weight: var( --e-global-typography-text-font-weight );\">Rezervace ubytov\u00e1n\u00ed je z\u00e1vazn\u00e1 a\u017e okam\u017eikem p\u00edsemn\u00e9ho<br \/>potvrzen\u00ed provozovatele ubytov\u00e1n\u00ed a \u00fahrady rezerva\u010dn\u00ed z\u00e1lohy z\u00e1kazn\u00edkem ve v\u00fd\u0161i<br \/>50% z ceny ubytov\u00e1n\u00ed a p\u0159\u00edslu\u0161enstv\u00ed. Doplatek za ubytov\u00e1n\u00ed v\u010detn\u011b vratn\u00e9 kauce<br \/>mus\u00ed b\u00fdt uhrazen nejpozd\u011bji 10 dn\u00ed p\u0159ed p\u0159\u00edjezdem.<\/span><\/p><p class=\"MsoNormal\" style=\"margin: 0cm 0cm 0cm 51pt; text-indent: -18pt; line-height: normal; background-image: initial; background-position: initial; background-size: initial; background-repeat: initial; background-attachment: initial; background-origin: initial; background-clip: initial;\"><!-- [if !supportLists]--><span style=\"font-size: 10.0pt; mso-bidi-font-size: 12.0pt; font-family: Symbol; mso-fareast-font-family: Symbol; mso-bidi-font-family: Symbol; mso-font-kerning: 0pt; mso-ligatures: none; mso-fareast-language: CS;\">\u00b7<span style=\"font-variant-numeric: normal; font-variant-east-asian: normal; font-variant-alternates: normal; font-kerning: auto; font-optical-sizing: auto; font-feature-settings: normal; font-variation-settings: normal; font-stretch: normal; font-size: 7pt; line-height: normal; font-family: 'Times New Roman';\">\u00a0\u00a0\u00a0\u00a0\u00a0\u00a0 <\/span><\/span><!--[endif]--><span style=\"font-size: 12pt; font-family: Arial, sans-serif;\">Z\u00e1kazn\u00edk m\u00e1 pr\u00e1vo odstoupit od<br \/>rezervace p\u00edsemn\u00fdm ozn\u00e1men\u00edm.<\/span><\/p><p class=\"MsoNormal\" style=\"margin: 0cm 0cm 0cm 51pt; text-indent: -18pt; line-height: normal; background-image: initial; background-position: initial; background-size: initial; background-repeat: initial; background-attachment: initial; background-origin: initial; background-clip: initial;\"><!-- [if !supportLists]--><span style=\"font-size: 10.0pt; mso-bidi-font-size: 12.0pt; font-family: Symbol; mso-fareast-font-family: Symbol; mso-bidi-font-family: Symbol; mso-font-kerning: 0pt; mso-ligatures: none; mso-fareast-language: CS;\">\u00b7<span style=\"font-variant-numeric: normal; font-variant-east-asian: normal; font-variant-alternates: normal; font-kerning: auto; font-optical-sizing: auto; font-feature-settings: normal; font-variation-settings: normal; font-stretch: normal; font-size: 7pt; line-height: normal; font-family: 'Times New Roman';\">\u00a0\u00a0\u00a0\u00a0\u00a0\u00a0 <\/span><\/span><!--[endif]--><span style=\"font-size: 12pt; font-family: Arial, sans-serif;\">Zru\u0161en\u00ed z\u00e1vazn\u00e9 rezervace nast\u00e1v\u00e1<br \/>okam\u017eikem doru\u010den\u00ed p\u00edsemn\u00e9ho ozn\u00e1men\u00ed provozovateli ubytov\u00e1n\u00ed.<\/span><\/p><p class=\"MsoNormal\" style=\"margin: 0cm 0cm 0cm 51pt; text-indent: -18pt; line-height: normal; background-image: initial; background-position: initial; background-size: initial; background-repeat: initial; background-attachment: initial; background-origin: initial; background-clip: initial;\"><!-- [if !supportLists]--><span style=\"font-size: 10.0pt; mso-bidi-font-size: 12.0pt; font-family: Symbol; mso-fareast-font-family: Symbol; mso-bidi-font-family: Symbol; mso-font-kerning: 0pt; mso-ligatures: none; mso-fareast-language: CS;\">\u00b7<span style=\"font-variant-numeric: normal; font-variant-east-asian: normal; font-variant-alternates: normal; font-kerning: auto; font-optical-sizing: auto; font-feature-settings: normal; font-variation-settings: normal; font-stretch: normal; font-size: 7pt; line-height: normal; font-family: 'Times New Roman';\">\u00a0\u00a0\u00a0\u00a0\u00a0\u00a0 <\/span><\/span><!--[endif]--><span style=\"font-size: 12pt; font-family: Arial, sans-serif;\">Storno poplatky se \u00fa\u010dtuj\u00ed:<\/span><span style=\"font-size: 12pt; font-family: Roboto;\"><br \/><\/span><\/p><p class=\"MsoNormal\" style=\"margin: 0cm 0cm 0cm 94.5pt; text-indent: -18pt; line-height: normal; background-image: initial; background-position: initial; background-size: initial; background-repeat: initial; background-attachment: initial; background-origin: initial; background-clip: initial;\"><!-- [if !supportLists]--><span style=\"font-size: 10.0pt; mso-bidi-font-size: 12.0pt; font-family: Symbol; mso-fareast-font-family: Symbol; mso-bidi-font-family: Symbol; mso-font-kerning: 0pt; mso-ligatures: none; mso-fareast-language: CS;\">\u00b7<span style=\"font-variant-numeric: normal; font-variant-east-asian: normal; font-variant-alternates: normal; font-kerning: auto; font-optical-sizing: auto; font-feature-settings: normal; font-variation-settings: normal; font-stretch: normal; font-size: 7pt; line-height: normal; font-family: 'Times New Roman';\">\u00a0\u00a0\u00a0\u00a0\u00a0\u00a0 <\/span><\/span><!--[endif]--><span style=\"font-size: 12pt; font-family: Arial, sans-serif;\">100% z\u00a0rezerva\u010dn\u00ed z\u00e1lohy\u00a0p\u0159i<br \/>zru\u0161en\u00ed z\u00e1vazn\u00e9 rezervace 30 dn\u00ed a m\u00e9n\u011b p\u0159ed term\u00ednem n\u00e1stupu.<\/span><\/p><p class=\"MsoNormal\" style=\"margin: 0cm 0cm 0cm 94.5pt; text-indent: -18pt; line-height: normal; background-image: initial; background-position: initial; background-size: initial; background-repeat: initial; background-attachment: initial; background-origin: initial; background-clip: initial;\"><!-- [if !supportLists]--><span style=\"font-size: 10.0pt; mso-bidi-font-size: 12.0pt; font-family: Symbol; mso-fareast-font-family: Symbol; mso-bidi-font-family: Symbol; mso-font-kerning: 0pt; mso-ligatures: none; mso-fareast-language: CS;\">\u00b7<span style=\"font-variant-numeric: normal; font-variant-east-asian: normal; font-variant-alternates: normal; font-kerning: auto; font-optical-sizing: auto; font-feature-settings: normal; font-variation-settings: normal; font-stretch: normal; font-size: 7pt; line-height: normal; font-family: 'Times New Roman';\">\u00a0\u00a0\u00a0\u00a0\u00a0\u00a0 <\/span><\/span><!--[endif]--><span style=\"font-size: 12pt; font-family: Arial, sans-serif;\">V p\u0159\u00edpad\u011b zru\u0161en\u00ed z\u00e1vazn\u00e9 rezervace<br \/>ubytov\u00e1n\u00ed ze strany provozovatele ubytov\u00e1n\u00ed, m\u00e1 z\u00e1kazn\u00edk pr\u00e1vo na vr\u00e1cen\u00ed<br \/>uhrazen\u00e9 ceny ubytov\u00e1n\u00ed nebo z\u00e1lohy na ubytov\u00e1n\u00ed v pln\u00e9 v\u00fd\u0161i.<\/span><\/p><\/div>\t\t\t\t\t\t<\/div>\n\t\t\t\t<\/div>\n\t\t\t\t\t<\/div>\n\t\t<\/div>\n\t\t\t\t\t\t\t<\/div>\n\t\t<\/section>\n\t\t\t\t\t\t\t<\/div>\n\t\t","protected":false},"excerpt":{"rendered":"<p>\u00a0 N\u00e1v\u0161t\u011bvn\u00ed \u0159\u00e1d Ubytovac\u00ed \u0159\u00e1d a je tu od toho, aby chati\u010dce prodlou\u017eil \u017eivotnost a pomohl udr\u017eet ubytovac\u00ed slu\u017eby na vysok\u00e9 \u00farovni pro dal\u0161\u00ed hosty. [&hellip;]<\/p>\n","protected":false},"author":1,"featured_media":0,"parent":0,"menu_order":0,"comment_status":"closed","ping_status":"closed","template":"elementor_header_footer","meta":{"footnotes":""},"class_list":["post-115","page","type-page","status-publish","hentry"],"_links":{"self":[{"href":"https:\/\/www.prvnidve.cz\/index.php?rest_route=\/wp\/v2\/pages\/115","targetHints":{"allow":["GET"]}}],"collection":[{"href":"https:\/\/www.prvnidve.cz\/index.php?rest_route=\/wp\/v2\/pages"}],"about":[{"href":"https:\/\/www.prvnidve.cz\/index.php?rest_route=\/wp\/v2\/types\/page"}],"author":[{"embeddable":true,"href":"https:\/\/www.prvnidve.cz\/index.php?rest_route=\/wp\/v2\/users\/1"}],"replies":[{"embeddable":true,"href":"https:\/\/www.prvnidve.cz\/index.php?rest_route=%2Fwp%2Fv2%2Fcomments&post=115"}],"version-history":[{"count":40,"href":"https:\/\/www.prvnidve.cz\/index.php?rest_route=\/wp\/v2\/pages\/115\/revisions"}],"predecessor-version":[{"id":684,"href":"https:\/\/www.prvnidve.cz\/index.php?rest_route=\/wp\/v2\/pages\/115\/revisions\/684"}],"wp:attachment":[{"href":"https:\/\/www.prvnidve.cz\/index.php?rest_route=%2Fwp%2Fv2%2Fmedia&parent=115"}],"curies":[{"name":"wp","href":"https:\/\/api.w.org\/{rel}","templated":true}]}}